at is the ten thousands digit of 91977?
9
What is the ten thousands digit of 4694680?
9
What is the ten thousands digit of 3898032?
9
What is the units digit of 2720788?
8
What is the units digit of 1606935?
5
What is the thousands digit of 40083?
0
What is the hundreds digit of 2869369?
3
What is the ten thousands digit of 18594335?
9
What is the hundred thousands digit of 132295?
1
What is the tens digit of 748692?
9
What is the tens digit of 2412121?
2
What is the thousands digit of 229607?
9
What is the units digit of 5943845?
5
What is the ten thousands digit of 811931?
1
What is the units digit of 630761?
1
What is the millions digit of 5798261?
5
What is the hundreds digit of 700761?
7
What is the hundreds digit of 258980?
9
What is the hundreds digit of 1578541?
5
What is the ten thousands digit of 482383?
8
What is the hundreds digit of 1501980?
9
What is the tens digit of 2866?
6
What is the units digit of 3439376?
6
What is the units digit of 55014?
4
What is the units digit of 83778?
8
What is the ten thousands digit of 3692179?
9
What is the ten thousands digit of 654302?
5
What is the hundred thousands digit of 250020?
2
What is the ten thousands digit of 664877?
6
What is the thousands digit of 253209?
3
What is the ten thousands digit of 3660140?
6
What is the hundred thousands digit of 1292062?
2
What is the hundreds digit of 105473?
4
What is the tens digit of 5856909?
0
What is the millions digit of 1003515?
1
What is the hundred thousands digit of 438668?
4
What is the ten thousands digit of 115231?
1
What is the millions digit of 1048969?
1
What is the ten thousands digit of 17122366?
2
What is the hundreds digit of 34205477?
4
What is the millions digit of 5099287?
5
What is the hundreds digit of 6801876?
8
What is the units digit of 1147631?
1
What is the tens digit of 760105?
0
What is the hundreds digit of 53307?
3
What is the millions digit of 2853951?
2
What is the ten thousands digit of 512482?
1
What is the hundred thousands digit of 19134580?
1
What is the tens digit of 1648498?
9
What is the tens digit of 19250719?
1
What is the thousands digit of 10480409?
0
What is the millions digit of 1921468?
1
What is the tens digit of 1020755?
5
What is the tens digit of 5997094?
9
What is the hundreds digit of 86852?
8
What is the thousands digit of 670596?
0
What is the thousands digit of 26138616?
8
What is the units digit of 4345867?
7
What is the ten thousands digit of 162591?
6
What is the thousands digit of 2923669?
3
What is the hundreds digit of 1235524?
5
What is the thousands digit of 10419924?
9
What is the tens digit of 521354?
5
What is the hundred thousands digit of 1028215?
0
What is the thousands digit of 7793440?
3
What is the hundred thousands digit of 5861156?
8
What is the hundred thousands digit of 3450738?
4
What is the hundreds digit of 1988492?
4
What is the hundred thousands digit of 285937?
2
What is the hundred thousands digit of 906061?
9
What is the tens digit of 3908768?
6
What is the units digit of 558966?
6
What is the thousands digit of 479868?
9
What is the thousands digit of 96477?
6
What is the ten thousands digit of 321977?
2
What is the ten thousands digit of 1301737?
0
What is the tens digit of 21493935?
3
What is the hundreds digit of 5231243?
2
What is the millions digit of 3573349?
3
What is the hundreds digit of 16614594?
5
What is the ten thousands digit of 4825598?
2
What is the hundreds digit of 3284098?
0
What is the millions digit of 2531097?
2
What is the tens digit of 4100478?
7
What is the thousands digit of 2277848?
7
What is the ten thousands digit of 5902698?
0
What is the thousands digit of 57986?
7
What is the millions digit of 18263475?
8
What is the thousands digit of 1240930?
0
What is the hundred thousands digit of 221877?
2
What is the hundred thousands digit of 146839?
1
What is the hundreds digit of 20189140?
1
What is the millions digit of 3333557?
3
What is the millions digit of 2995602?
2
What is the ten thousands digit of 347485?
4
What is the tens digit of 892686?
8
What is the millions digit of 4139391?
4
What is the hundreds digit of 20596393?
3
What is the thousands digit of 680417?
0
What is the tens digit of 455171?
7
What is the millions digit of 6913583?
6
What is the hundred thousands digit of 1353747?
3
What is the tens digit of 516541?
4
What is the ten thousands digit of 228501?
2
What is the thousands digit of 42386?
2
What is the tens digit of 3709857?
5
What is the units digit of 144959?
9
What is the tens digit of 242893?
9
What is the hundred thousands digit of 7124070?
1
What is the ten thousands digit of 509775?
0
What is the thousands digit of 915232?
5
What is the units digit of 139452?
2
What is the hundreds digit of 30036?
0
What is the thousands digit of 2849910?
9
What is the hundreds digit of 2855544?
5
What is the ten thousands digit of 10350631?
5
What is the thousands digit of 756269?
6
What is the thousands digit of 840301?
0
What is the tens digit of 12365412?
1
What is the ten thousands digit of 151114?
5
What is the ten thousands digit of 2599544?
9
What is the units digit of 17449188?
8
What is the units digit of 1773477?
7
What is the units digit of 618070?
0
What is the units digit of 3247150?
0
What is the thousands digit of 210381?
0
What is the units digit of 28299101?
1
What is the thousands digit of 146312?
6
What is the tens digit of 13389633?
3
What is the units digit of 22358762?
2
What is the millions digit of 1501866?
1
What is the tens digit of 402491?
9
What is the tens digit of 1423103?
0
What is the thousands digit of 240649?
0
What is the ten thousands digit of 232102?
3
What is the hundreds digit of 410239?
2
What is the thousands digit of 1672287?
2
What is the thousands digit of 62660?
2
What is the ten thousands digit of 2653160?
5
What is the hundred thousands digit of 1570178?
5
What is the tens digit of 216093?
9
What is the hundreds digit of 34605555?
5
What is the units digit of 2507249?
9
What is the ten thousands digit of 2730058?
3
What is the thousands digit of 16393?
6
What is the hundred thousands digit of 19263289?
2
What is the hundreds digit of 1197839?
8
What is the tens digit of 330444?
4
What is the thousands digit of 8086?
8
What is the tens digit of 10398578?
7
What is the ten thousands digit of 438435?
3
What is the thousands digit of 426565?
6
What is the tens digit of 897781?
8
What is the thousands digit of 321556?
1
What is the hundred thousands digit of 2173978?
1
What is the units digit of 603551?
1
What is the tens digit of 646370?
7
What is the thousands digit of 256573?
6
What is the tens digit of 1507876?
7
What is the millions digit of 14776906?
4
What is the ten millions digit of 30653685?
3
What is the hundreds digit of 697690?
6
What is the tens digit of 3097637?
3
What is the thousands digit of 89810?
9
What is the ten thousands digit of 11842929?
4
What is the millions digit of 1030101?
1
What is the tens digit of 595174?
7
What is the thousands digit of 17349?
7
What is the tens digit of 307246?
4
What is the millions digit of 24605959?
4
What is the millions digit of 3780020?
3
What is the units digit of 5795552?
2
What is the tens digit of 169164?
6
What is the hundreds digit of 345199?
1
What is the thousands digit of 144776?
4
What is the thousands digit of 12548395?
8
What is the hundred thousands digit of 111127?
1
What is the hundred thousands digit of 1366805?
3
What is the ten thousands digit of 7162028?
6
What is the ten thousands digit of 4348153?
4
What is the ten millions digit of 31754499?
3
What is the hundreds digit of 850572?
5
What is the thousands digit of 527926?
7
What is the hundred thousands digit of 1552226?
5
What is the hundred thousands digit of 703058?
7
What is the tens digit of 178674?
7
What is the thousands digit of 5099888?
9
What is the hundred thousands digit of 470510?
4
What is the tens digit of 518703?
0
What is the tens digit of 680283?
8
What is the ten thousands digit of 299295?
9
What is the hundreds digit of 192324?
3
What is the ten thousands digit of 16284967?
8
What is the ten thousands digit of 1484849?
8
What is the ten thousands digit of 2560499?
6
What is the hundreds digit of 219531?
5
What is the hundred thous